*2 + 6*k. Let h(w) = -2*w**2 - 6*w + 1. Let v(q) = -4*h(q) - 3*o(q). Let d = -7 - -9. Calculate the remainder when d is divided by v(5).
0
Let p = 30 + -21. Calculate the remainder when 447/p + (-2)/3 is divided by 17.
15
Suppose 3*a + 205 = 5*g, 3*g + 0*a - 4*a = 123. Let f(k) = -k**3 - 7*k**2 - 5*k - 9. Let i be f(-7). Calculate the remainder when g is divided by 1 + 4/(8/i).
13
Suppose -4*y - 2 = -10. Suppose y*c = 11 + 5. Let u(h) = -h**3 - 4*h**2 + 3*h + 3. Calculate the remainder when u(-5) is divided by c.
5
Let h(o) = o**2 + 3*o + 19. Calculate the remainder when h(-9) is divided by 38.
35
Suppose -o + 59 - 47 = 0. What is the remainder when 23 is divided by o?
11
Let g(q) = 0*q + 13*q - 2 + 4. Calculate the remainder when g(3) is divided by 11.
8
Suppose 0 = -12*h + 11*h + 30. What is the remainder when h is divided by 11?
8
Let x = 4 + 13. Suppose 4*k - 115 - 5 = 0. Let t = k - 21. Calculate the remainder when x is divided by t.
8
Suppose -31 = -2*u + 19. Calculate the remainder when u is divided by 9.
7
Suppose 0 = -f + x + 4, -2*x - 2*x = 4*f + 16. Let m = f + 4. Suppose -j + 12 = 3*j. Calculate the remainder when m is divided by j.
1
Suppose -6*x + 20 = -x. What is the remainder when ((-56)/10)/((-2)/20) is divided by 21 - -1 - 12/x?
18
Let t(l) = 21*l - 1. Let b be t(2). Suppose -113 + b = -6*x. What is the remainder when 47 is divided by x?
11
Suppose o - 32 = -o. Suppose -o = -2*g - 2. Let h(x) = -x**3 + 5*x**2 + 8*x - 1. Calculate the remainder when h(6) is divided by g.
4
Suppose 3*u + 0 - 12 = 0, -3*u - 38 = -2*c. Calculate the remainder when c is divided by 13.
12
Let s(q) = q**3 - 5*q**2 + 3*q - 5. Suppose c = 21 + 8. What is the remainder when c is divided by s(5)?
9
Suppose 0 = -3*u - 9, j + 2*u + 46 = 5*j. Suppose s - 4*r - 6 = 9, 2*s = -5*r - 22. Calculate the remainder when s/(-4) + 75/4 is divided by j.
9
Let t(s) = -s - 2. Let i be t(-12). Let b(a) = -a**3 + 10*a**2 + a - 9. What is the remainder when 3 is divided by b(i)?
0
Suppose -2*f - 3*f - 115 = 0. Let v = 34 + f. Calculate the remainder when (8 + -7)*38/2 is divided by v.
8
Let p(o) = o + 3. Let q(h) = h**2 + 8*h + 2. Let r be q(-8). Calculate the remainder when 17 is divided by p(r).
2
Suppose 0 = -2*b + b - 4*z + 6, 0 = -b - 5*z + 5. What is the remainder when 17 is divided by b?
7
Suppose 4*p - 5*b - 37 = 0, -p - 11 = 3*b + 1. Suppose p*w - 52 = -w. What is the remainder when 51 is divided by w?
12
Let o be 372*4*(-2)/(-16). Suppose -5*d - 221 = -4*n, -4*n + 3*d = -7*n + o. Calculate the remainder when n is divided by 10.
9
Suppose -4*p - 3*f - 6 = 51, 4*f + 48 = -3*p. Let r(z) = -2*z - 13. Calculate the remainder when 19 is divided by r(p).
8
Suppose -12 = -7*s + 4*s. Suppose 4*t = s + 104. What is the remainder when t is divided by (-4)/(-12) + 41/3?
13
Suppose -3*q + 4*c + 4 = 0, 0*q + 5*c + 2 = 3*q. Suppose -a - 9 = -4*w - 39, 2*w + 106 = q*a. What is the remainder when a is divided by 9?
8
Suppose 0 = 3*c - 3*v - 0*v, 5*v = 10. Let r be 0/1 - (-1 - -2). Let j = r - -4. What is the remainder when j is divided by c?
1
Suppose 5*j - 2*f - 409 = -f, 0 = -j - 4*f + 65. What is the remainder when j is divided by 21?
18
Suppose -24 = -l + 2*v, l + 5*v - 3 = -0*l. Let i = 59 - -11. Suppose 4*c - 66 - i = 0. What is the remainder when c is divided by l?
16
Suppose -3*i - 4*l + 2 = -10, -5*i = 2*l - 20. Suppose 5*n + i*k - 55 = 0, 2*n + k = -3*k + 10. Calculate the remainder when n is divided by 8.
7
Let q be 4*3/(24/(-86)). Let m = q - -60. What is the remainder when m is divided by 9?
8
Let j(f) = 2*f**2 - 6*f - 6. Let p(y) = -y**3 + 6*y**2 - 4*y + 2. Let a be p(5). What is the remainder when j(a) is divided by 17?
16
Suppose -102 = -6*w - 0*w. Suppose -d - 5*j - 11 = 0, 3 = -4*d - 2*j + 31. Calculate the remainder when w is divided by d.
8
Suppose 0 = -3*j + r - 6, -2*r + 0*r = 3*j + 15. Let f(a) = -a**3 + 2. What is the remainder when 2 + 2 - 2 - j is divided by f(0)?
1
What is the remainder when 1 - -66 - 0*1/2 is divided by 14?
11
Let y = 111 + -23. Calculate the remainder when y is divided by 13.
10
Let g(t) be the third derivative of t**4/24 + 17*t**3/6 - t**2. Let x = 0 + 4. Calculate the remainder when g(-7) is divided by x.
2
What is the remainder when 41/4 + 3/(-12) is divided by (-10)/(-2) + -4 + 2?
1
Suppose -r + 1 + 3 = 0. What is the remainder when r is divided by 8/4*6/4?
1
Let t = -1 - -3. Suppose -42 = -2*f - 4*b, -t*f = -3*b - 38 - 4. What is the remainder when f is divided by 12?
9
Let l = 83 - 17. Let u = -27 + l. Calculate the remainder when u is divided by 10.
9
Let x(p) = 2*p**2 + 5*p + 1. Suppose -114 - 3 = 5*t + 4*y, 0 = 4*t - 5*y + 110. What is the remainder when x(-6) is divided by -12*(t/4)/5?
13
Let i(g) = g + 4. Suppose -4*r = -2*r - 6. Let b(k) = 11*k - 4. What is the remainder when b(r) is divided by i(6)?
9
Suppose 33*b = 30*b + 21. What is the remainder when 9 is divided by b?
2
Let v = 22 + 1. What is the remainder when v is divided by 7?
2
Let d = 56 + -28. Calculate the remainder when 83 is divided by d.
27
Let t be (0 + 7)*234/91. What is the remainder when 23 is divided by 212/t - (-6)/27?
11
Suppose 5*q + 8 = -2. Calculate the remainder when 5/15*57*1 is divided by 0 - q/(-2) - -8.
5
Let x be (-3)/(-15) - (-29)/5. Let w = x + 10. Calculate the remainder when w is divided by 6 + 0/(1 - -3).
4
Let k(l) = 7*l - 8. Let a be k(-4). Calculate the remainder when -2*(-21)/2 - -1 is divided by (-280)/a - 2/(-9).
6
Suppose -3*d + 0*k + 174 = -3*k, 0 = -k. What is the remainder when d is divided by 162/8 - 1/4?
18
Calculate the remainder when (-3)/2*(-8 - 2) is divided by 4.
3
Suppose -15 = -3*u, -8*g + 4*g - 3*u + 91 = 0. What is the remainder when g is divided by 7?
5
Let q be (16/(-10))/(18/(-1125)). Suppose -n + 34 = -2*k + 6*k, -4*n - 4*k + q = 0. What is the remainder when 43 is divided by n?
21
Suppose a - 100 = -0. What is the remainder when a is divided by 27?
19
Suppose i - 4 - 3 = 0. Suppose f + 3*p + i = -2*p, 4*p + 44 = 4*f. What is the remainder when 30 is divided by f?
6
Let a = -7 + 11. Let q(b) = 4*b - 5. Calculate the remainder when q(6) is divided by -1 + 10 - (a - 2).
5
Let u(b) = -7*b - 2. Let v be u(-6). Suppose -v = -2*l + 22. Calculate the remainder when l is divided by 11.
9
Let t be (-15)/(-25) - 22/(-5). Calculate the remainder when 102/t + (-3)/(-5) is divided by 8.
5
Let x(b) = 12*b + 1. Let u(k) = -6 + 2*k + 11*k + 0 + 4. What is the remainder when u(3) is divided by x(1)?
11
Suppose -6*v + 19 - 1 = 0. Suppose -2 = 2*h - 4*h. Calculate the remainder when v is divided by h.
0
Let o(m) = m**2 - 9*m + 11. Let c be o(12). Suppose c = -4*h + 5*h. Calculate the remainder when h is divided by 12.
11
Calculate the remainder when 20 is divided by (0 + (-48)/3)/(-2).
4
Suppose 56 = -5*o + 6*o. Calculate the remainder when o is divided by 19.
18
Let w(s) be the third derivative of s**5/60 + s**4/3 + 2*s**3/3 + 3*s**2. Let c be w(-5). Let t = -6 - c. What is the remainder when 13 is divided by t?
3
Let w = -460 - -512. Suppose f - 3 = 8. What is the remainder when w is divided by f?
8
Suppose 0 = -4*c - 84 + 228. Calculate the remainder when 67 is divided by c.
31
Suppose -3*d - 3*s = -12, 3*d - 2*s = 6*d - 10. What is the remainder when d is divided by 2?
0
Suppose 2*l + 0*l = 4. Suppose 0 = -3*g - l*m + 4 + 45, 2*g = -5*m + 51. Calculate the remainder when (9 - (-88)/12)/(1/3) is divided by g.
10
Calculate the remainder when (-27)/18*(-1192)/6 is divided by 23.
22
Let g = 3 + 1. Suppose -5*v = 2*i - 31, 5*v = -0*i - 3*i + 44. What is the remainder when i is divided by g?
1
Let f = -67 + 98. What is the remainder when f is divided by 18?
13
Let t(g) = -6*g - 2. Calculate the remainder when t(-3) is divided by 6.
4
Suppose c - 16 = -0*c. Suppose -28 = -5*f + 17. What is the remainder when c is divided by f?
7
Let l(b) = b**2 + b. Suppose -7*u = -2*u - 20, j + 12 = 2*u. Suppose 3*m - 96 = -30. What is the remainder when m is divided by l(j)?
10
Let y be 8/(-3 - (-4)/4). Calculate the remainder when ((-2)/1)/(4/(-34)) is divided by 3/((-74)/20 - y).
7
Let x(a) = -25*a**3 - 3*a - 2. Suppose -4*p = -62 + 6. What is the remainder when x(-1) is divided by p?
12
Suppose 3*l + 21 = 4*l. Suppose 0 = -5*m + 4*m + l. W